{"id":5673,"date":"2025-05-12T11:41:07","date_gmt":"2025-05-12T11:41:07","guid":{"rendered":"https:\/\/angelikarommel.de\/?page_id=5673"},"modified":"2025-10-08T07:17:46","modified_gmt":"2025-10-08T07:17:46","slug":"marley-ausstellungen","status":"publish","type":"page","link":"https:\/\/angelikarommel.de\/?page_id=5673","title":{"rendered":"Marley Ausstellungen"},"content":{"rendered":"\n<table style=\"border-collapse: collapse; width: 100%; height: 69px;\">\n<tbody>\n<tr>\n<td style=\"width: 18.2143%;\">04.10.2025<\/td>\n<td style=\"width: 21.7857%;\">LG BW S\u00fcd<\/td>\n<td style=\"width: 17.0238%;\">Zwischen<\/td>\n<td style=\"width: 29.1667%;\">Herr L\u00f6mker<\/td>\n<td style=\"width: 13.8095%;\">SG 2<\/td>\n<\/tr>\n<tr style=\"height: 23px;\">\n<td style=\"width: 18.2143%; height: 23px;\">22.06.2025<\/td>\n<td style=\"width: 21.7857%; height: 23px;\">LG Bayern S\u00fcd<\/td>\n<td style=\"width: 17.0238%; height: 23px;\">Jugend<\/td>\n<td style=\"width: 29.1667%; height: 23px;\">Herr Roth<\/td>\n<td style=\"width: 13.8095%; height: 23px;\">SG<\/td>\n<\/tr>\n<tr style=\"height: 23px;\">\n<td style=\"width: 18.2143%; height: 23px;\">25.05.2025<\/td>\n<td style=\"width: 21.7857%; height: 23px;\">LG Sachsen<\/td>\n<td style=\"width: 17.0238%; height: 23px;\">Jugend<\/td>\n<td style=\"width: 29.1667%; height: 23px;\">Frau Schulthei\u00df<\/td>\n<td style=\"width: 13.8095%; height: 23px;\">SG<\/td>\n<\/tr>\n<tr style=\"height: 23px;\">\n<td style=\"width: 18.2143%; height: 23px;\">27.04.2025<\/td>\n<td style=\"width: 21.7857%; height: 23px;\">LG Bayern Nord<\/td>\n<td style=\"width: 17.0238%; height: 23px;\">Jugend<\/td>\n<td style=\"width: 29.1667%; height: 23px;\">Herr Lorenz<\/td>\n<td style=\"width: 13.8095%; height: 23px;\">V2<\/td>\n<\/tr>\n<\/tbody>\n<\/table>\n\n\n\n<p style=\"text-align: center;\">Kappel-Grafenhausen LG Baden W\u00fcrttemberg S\u00fcd 2025<\/p>\n<p><a href=\"https:\/\/angelikarommel.de\/wp-content\/uploads\/2025\/10\/IMG_5416-scaled.jpg\" rel=\"lightbox[5673]\"><img loading=\"lazy\" decoding=\"async\" class=\"aligncenter size-medium wp-image-5760\" src=\"https:\/\/angelikarommel.de\/wp-content\/uploads\/2025\/10\/IMG_5416-225x300.jpg\" alt=\"\" width=\"225\" height=\"300\" srcset=\"https:\/\/angelikarommel.de\/wp-content\/uploads\/2025\/10\/IMG_5416-225x300.jpg 225w, https:\/\/angelikarommel.de\/wp-content\/uploads\/2025\/10\/IMG_5416-768x1024.jpg 768w, https:\/\/angelikarommel.de\/wp-content\/uploads\/2025\/10\/IMG_5416-1152x1536.jpg 1152w, https:\/\/angelikarommel.de\/wp-content\/uploads\/2025\/10\/IMG_5416-1536x2048.jpg 1536w, https:\/\/angelikarommel.de\/wp-content\/uploads\/2025\/10\/IMG_5416-scaled.jpg 1920w\" sizes=\"auto, (max-width: 225px) 100vw, 225px\" \/><\/a><\/p>\n<p style=\"text-align: center;\">Babenhausen LG Bayern S\u00fcd 2025<\/p>\n<p><a href=\"https:\/\/angelikarommel.de\/wp-content\/uploads\/2025\/07\/IMG_4882-scaled.jpg\" rel=\"lightbox[5673]\"><img loading=\"lazy\" decoding=\"async\" class=\"aligncenter size-medium wp-image-5701\" src=\"https:\/\/angelikarommel.de\/wp-content\/uploads\/2025\/07\/IMG_4882-225x300.jpg\" alt=\"\" width=\"225\" height=\"300\" srcset=\"https:\/\/angelikarommel.de\/wp-content\/uploads\/2025\/07\/IMG_4882-225x300.jpg 225w, https:\/\/angelikarommel.de\/wp-content\/uploads\/2025\/07\/IMG_4882-768x1024.jpg 768w, https:\/\/angelikarommel.de\/wp-content\/uploads\/2025\/07\/IMG_4882-1152x1536.jpg 1152w, https:\/\/angelikarommel.de\/wp-content\/uploads\/2025\/07\/IMG_4882-1536x2048.jpg 1536w, https:\/\/angelikarommel.de\/wp-content\/uploads\/2025\/07\/IMG_4882-scaled.jpg 1920w\" sizes=\"auto, (max-width: 225px) 100vw, 225px\" \/><\/a><\/p>\n<p style=\"text-align: center;\">Bad Lausick LG Sachsen 2025<\/p>\n<p><a href=\"https:\/\/angelikarommel.de\/wp-content\/uploads\/2025\/07\/IBOO4431.jpg\" rel=\"lightbox[5673]\"><img loading=\"lazy\" decoding=\"async\" class=\"aligncenter size-medium wp-image-5700\" src=\"https:\/\/angelikarommel.de\/wp-content\/uploads\/2025\/07\/IBOO4431-300x225.jpg\" alt=\"\" width=\"300\" height=\"225\" srcset=\"https:\/\/angelikarommel.de\/wp-content\/uploads\/2025\/07\/IBOO4431-300x225.jpg 300w, https:\/\/angelikarommel.de\/wp-content\/uploads\/2025\/07\/IBOO4431-1024x768.jpg 1024w, https:\/\/angelikarommel.de\/wp-content\/uploads\/2025\/07\/IBOO4431-768x576.jpg 768w, https:\/\/angelikarommel.de\/wp-content\/uploads\/2025\/07\/IBOO4431-1536x1152.jpg 1536w, https:\/\/angelikarommel.de\/wp-content\/uploads\/2025\/07\/IBOO4431.jpg 1600w\" sizes=\"auto, (max-width: 300px) 100vw, 300px\" \/><\/a><\/p>\n<p style=\"text-align: center;\">LG Bayern Nord 2025<\/p>\n<p><a href=\"https:\/\/angelikarommel.de\/wp-content\/uploads\/2025\/05\/HZXVE1644.jpg\" rel=\"lightbox[5673]\"><img loading=\"lazy\" decoding=\"async\" class=\"aligncenter size-medium wp-image-5669\" src=\"https:\/\/angelikarommel.de\/wp-content\/uploads\/2025\/05\/HZXVE1644-201x300.jpg\" alt=\"\" width=\"201\" height=\"300\" srcset=\"https:\/\/angelikarommel.de\/wp-content\/uploads\/2025\/05\/HZXVE1644-201x300.jpg 201w, https:\/\/angelikarommel.de\/wp-content\/uploads\/2025\/05\/HZXVE1644.jpg 555w\" sizes=\"auto, (max-width: 201px) 100vw, 201px\" \/><\/a><\/p>\n\n\n","protected":false},"excerpt":{"rendered":"<p>04.10.2025 LG BW S\u00fcd Zwischen Herr L\u00f6mker SG 2 22.06.2025 LG Bayern S\u00fcd Jugend Herr Roth SG 25.05.2025 LG Sachsen Jugend Frau Schulthei\u00df SG 27.04.2025 LG Bayern Nord Jugend Herr Lorenz V2 Kappel-Grafenhausen LG Baden W\u00fcrttemberg S\u00fcd 2025 Babenhausen LG&hellip; <\/p>\n","protected":false},"author":1,"featured_media":0,"parent":0,"menu_order":0,"comment_status":"closed","ping_status":"closed","template":"","meta":{"footnotes":""},"class_list":["post-5673","page","type-page","status-publish","hentry"],"_links":{"self":[{"href":"https:\/\/angelikarommel.de\/index.php?rest_route=\/wp\/v2\/pages\/5673","targetHints":{"allow":["GET"]}}],"collection":[{"href":"https:\/\/angelikarommel.de\/index.php?rest_route=\/wp\/v2\/pages"}],"about":[{"href":"https:\/\/angelikarommel.de\/index.php?rest_route=\/wp\/v2\/types\/page"}],"author":[{"embeddable":true,"href":"https:\/\/angelikarommel.de\/index.php?rest_route=\/wp\/v2\/users\/1"}],"replies":[{"embeddable":true,"href":"https:\/\/angelikarommel.de\/index.php?rest_route=%2Fwp%2Fv2%2Fcomments&post=5673"}],"version-history":[{"count":6,"href":"https:\/\/angelikarommel.de\/index.php?rest_route=\/wp\/v2\/pages\/5673\/revisions"}],"predecessor-version":[{"id":5761,"href":"https:\/\/angelikarommel.de\/index.php?rest_route=\/wp\/v2\/pages\/5673\/revisions\/5761"}],"wp:attachment":[{"href":"https:\/\/angelikarommel.de\/index.php?rest_route=%2Fwp%2Fv2%2Fmedia&parent=5673"}],"curies":[{"name":"wp","href":"https:\/\/api.w.org\/{rel}","templated":true}]}}