{"id":5407,"date":"2024-07-30T05:15:49","date_gmt":"2024-07-30T05:15:49","guid":{"rendered":"https:\/\/angelikarommel.de\/?page_id=5407"},"modified":"2025-07-09T11:09:09","modified_gmt":"2025-07-09T11:09:09","slug":"finja-ausstellungen","status":"publish","type":"page","link":"https:\/\/angelikarommel.de\/?page_id=5407","title":{"rendered":"Finja Ausstellungen"},"content":{"rendered":"\n<table style=\"border-collapse: collapse; width: 100%; height: 95px;\">\n<tbody>\n<tr style=\"height: 23px;\">\n<td style=\"width: 20%; height: 23px;\">25.05.2025<\/td>\n<td style=\"width: 20%; height: 23px;\">LG Sachsen<\/td>\n<td style=\"width: 20%; height: 23px;\">Zwischen<\/td>\n<td style=\"width: 20%; height: 23px;\">Frau Schulthei\u00df<\/td>\n<td style=\"width: 20%; height: 23px;\">SG 2<\/td>\n<\/tr>\n<tr style=\"height: 23px;\">\n<td style=\"width: 20%; height: 26px;\">11.05.2025<\/td>\n<td style=\"width: 20%; height: 26px;\">LG BW Nord<\/td>\n<td style=\"width: 20%; height: 26px;\">Zwischen<\/td>\n<td style=\"width: 20%; height: 26px;\">Herr Lorenz<\/td>\n<td style=\"width: 20%; height: 26px;\">SG 4<\/td>\n<\/tr>\n<tr style=\"height: 23px;\">\n<td style=\"width: 20%; height: 23px;\">05.10.2024<\/td>\n<td style=\"width: 20%; height: 23px;\">LG BW S\u00fcd<\/td>\n<td style=\"width: 20%; height: 23px;\">J\u00fcngsten<\/td>\n<td style=\"width: 20%; height: 23px;\">Frau Dr. Gsell<\/td>\n<td style=\"width: 20%; height: 23px;\">vv1<\/td>\n<\/tr>\n<tr style=\"height: 23px;\">\n<td style=\"width: 20%; height: 23px;\">28.7.2024<\/td>\n<td style=\"width: 20%; height: 23px;\">LG Bayern S\u00fcd<\/td>\n<td style=\"width: 20%; height: 23px;\">J\u00fcngsten<\/td>\n<td style=\"width: 20%; height: 23px;\">Herr Sp\u00f6rr<\/td>\n<td style=\"width: 20%; height: 23px;\">vv2<\/td>\n<\/tr>\n<\/tbody>\n<\/table>\n\n\n\n<p style=\"text-align: center;\">Bad Lausick 2025<\/p>\n<p><a href=\"https:\/\/angelikarommel.de\/wp-content\/uploads\/2025\/07\/WFLK1788.jpg\" rel=\"lightbox[5407]\"><img loading=\"lazy\" decoding=\"async\" class=\"aligncenter size-medium wp-image-5699\" src=\"https:\/\/angelikarommel.de\/wp-content\/uploads\/2025\/07\/WFLK1788-225x300.jpg\" alt=\"\" width=\"225\" height=\"300\" srcset=\"https:\/\/angelikarommel.de\/wp-content\/uploads\/2025\/07\/WFLK1788-225x300.jpg 225w, https:\/\/angelikarommel.de\/wp-content\/uploads\/2025\/07\/WFLK1788-768x1024.jpg 768w, https:\/\/angelikarommel.de\/wp-content\/uploads\/2025\/07\/WFLK1788-1152x1536.jpg 1152w, https:\/\/angelikarommel.de\/wp-content\/uploads\/2025\/07\/WFLK1788.jpg 1200w\" sizes=\"auto, (max-width: 225px) 100vw, 225px\" \/><\/a><\/p>\n<p style=\"text-align: center;\">Herrenberg 2025<\/p>\n<p><a href=\"https:\/\/angelikarommel.de\/wp-content\/uploads\/2025\/05\/IMG_4482-scaled.jpg\" rel=\"lightbox[5407]\"><img loading=\"lazy\" decoding=\"async\" class=\"aligncenter size-medium wp-image-5670\" src=\"https:\/\/angelikarommel.de\/wp-content\/uploads\/2025\/05\/IMG_4482-225x300.jpg\" alt=\"\" width=\"225\" height=\"300\" srcset=\"https:\/\/angelikarommel.de\/wp-content\/uploads\/2025\/05\/IMG_4482-225x300.jpg 225w, https:\/\/angelikarommel.de\/wp-content\/uploads\/2025\/05\/IMG_4482-768x1024.jpg 768w, https:\/\/angelikarommel.de\/wp-content\/uploads\/2025\/05\/IMG_4482-1152x1536.jpg 1152w, https:\/\/angelikarommel.de\/wp-content\/uploads\/2025\/05\/IMG_4482-1536x2048.jpg 1536w, https:\/\/angelikarommel.de\/wp-content\/uploads\/2025\/05\/IMG_4482-scaled.jpg 1920w\" sizes=\"auto, (max-width: 225px) 100vw, 225px\" \/><\/a><\/p>\n<p>\u00a0<\/p>\n<p style=\"text-align: center;\">Kappel Grafenhausen 2024<\/p>\n<p style=\"text-align: center;\"><a href=\"https:\/\/angelikarommel.de\/wp-content\/uploads\/2024\/10\/MEZXE6158.jpg\" rel=\"lightbox[5407]\"><img loading=\"lazy\" decoding=\"async\" class=\"aligncenter size-medium wp-image-5528\" src=\"https:\/\/angelikarommel.de\/wp-content\/uploads\/2024\/10\/MEZXE6158-210x300.jpg\" alt=\"\" width=\"210\" height=\"300\" srcset=\"https:\/\/angelikarommel.de\/wp-content\/uploads\/2024\/10\/MEZXE6158-210x300.jpg 210w, https:\/\/angelikarommel.de\/wp-content\/uploads\/2024\/10\/MEZXE6158-717x1024.jpg 717w, https:\/\/angelikarommel.de\/wp-content\/uploads\/2024\/10\/MEZXE6158-768x1096.jpg 768w, https:\/\/angelikarommel.de\/wp-content\/uploads\/2024\/10\/MEZXE6158.jpg 828w\" sizes=\"auto, (max-width: 210px) 100vw, 210px\" \/><\/a><\/p>\n<p style=\"text-align: center;\">Babenhausen 2024<\/p>\n\n\n\n<p><a href=\"https:\/\/angelikarommel.de\/wp-content\/uploads\/2024\/07\/WYXM0435.jpg\" rel=\"lightbox[5407]\"><img loading=\"lazy\" decoding=\"async\" class=\"aligncenter size-medium wp-image-5412\" src=\"https:\/\/angelikarommel.de\/wp-content\/uploads\/2024\/07\/WYXM0435-225x300.jpg\" alt=\"\" width=\"225\" height=\"300\" srcset=\"https:\/\/angelikarommel.de\/wp-content\/uploads\/2024\/07\/WYXM0435-225x300.jpg 225w, https:\/\/angelikarommel.de\/wp-content\/uploads\/2024\/07\/WYXM0435-768x1024.jpg 768w, https:\/\/angelikarommel.de\/wp-content\/uploads\/2024\/07\/WYXM0435-1152x1536.jpg 1152w, https:\/\/angelikarommel.de\/wp-content\/uploads\/2024\/07\/WYXM0435.jpg 1200w\" sizes=\"auto, (max-width: 225px) 100vw, 225px\" \/><\/a><\/p>\n","protected":false},"excerpt":{"rendered":"<p>25.05.2025 LG Sachsen Zwischen Frau Schulthei\u00df SG 2 11.05.2025 LG BW Nord Zwischen Herr Lorenz SG 4 05.10.2024 LG BW S\u00fcd J\u00fcngsten Frau Dr. Gsell vv1 28.7.2024 LG Bayern S\u00fcd J\u00fcngsten Herr Sp\u00f6rr vv2 Bad Lausick 2025 Herrenberg 2025 \u00a0&hellip; <\/p>\n","protected":false},"author":1,"featured_media":0,"parent":0,"menu_order":0,"comment_status":"closed","ping_status":"closed","template":"","meta":{"footnotes":""},"class_list":["post-5407","page","type-page","status-publish","hentry"],"_links":{"self":[{"href":"https:\/\/angelikarommel.de\/index.php?rest_route=\/wp\/v2\/pages\/5407","targetHints":{"allow":["GET"]}}],"collection":[{"href":"https:\/\/angelikarommel.de\/index.php?rest_route=\/wp\/v2\/pages"}],"about":[{"href":"https:\/\/angelikarommel.de\/index.php?rest_route=\/wp\/v2\/types\/page"}],"author":[{"embeddable":true,"href":"https:\/\/angelikarommel.de\/index.php?rest_route=\/wp\/v2\/users\/1"}],"replies":[{"embeddable":true,"href":"https:\/\/angelikarommel.de\/index.php?rest_route=%2Fwp%2Fv2%2Fcomments&post=5407"}],"version-history":[{"count":10,"href":"https:\/\/angelikarommel.de\/index.php?rest_route=\/wp\/v2\/pages\/5407\/revisions"}],"predecessor-version":[{"id":5723,"href":"https:\/\/angelikarommel.de\/index.php?rest_route=\/wp\/v2\/pages\/5407\/revisions\/5723"}],"wp:attachment":[{"href":"https:\/\/angelikarommel.de\/index.php?rest_route=%2Fwp%2Fv2%2Fmedia&parent=5407"}],"curies":[{"name":"wp","href":"https:\/\/api.w.org\/{rel}","templated":true}]}}