{"id":4289,"date":"2022-02-09T15:56:23","date_gmt":"2022-02-09T15:56:23","guid":{"rendered":"https:\/\/angelikarommel.de\/?page_id=4289"},"modified":"2025-04-04T18:56:15","modified_gmt":"2025-04-04T18:56:15","slug":"frieda-gesundheit","status":"publish","type":"page","link":"https:\/\/angelikarommel.de\/?page_id=4289","title":{"rendered":"Frieda Gesundheit"},"content":{"rendered":"<p><!--StartFragment--><\/p>\n\n\n<p>ZB-Nr. SSV-BS 66587<\/p>\n\n\n\n<p><strong>R\u00f6ntgen Ergebnis<\/strong><\/p>\n\n\n\n<p>HD A1, ED 0\/0<\/p>\n\n\n\n<p>Hier k\u00f6nnen Sie das R\u00f6ntgenergebnis in Kopie einsehen (die Orginale gerne bei uns):<\/p>\n\n\n\n<p><a href=\"https:\/\/angelikarommel.de\/wp-content\/uploads\/2022\/02\/FriedaR\u00f6ntgen.pdf\" target=\"_blank\" rel=\"noreferrer noopener\" aria-label=\" (\u00f6ffnet in neuem Tab)\">R\u00f6ntgen<\/a><\/p>\n\n\n\n<p><\/p>\n\n\n\n<p>Zuchtwerte (Dogbase 03\/2025)<\/p>\n\n\n\n<p>HD 92, ED 93 Typ 101, Bew 96, Ver 94, LD 100<\/p>\n\n\n\n<p><strong>Ahnentafel von Frieda<\/strong><\/p>\n\n\n\n<p> <a rel=\"noreferrer noopener\" aria-label=\" (\u00f6ffnet in neuem Tab)\" href=\"https:\/\/angelikarommel.de\/wp-content\/uploads\/2022\/02\/FriedaAhnentafel.pdf\" target=\"_blank\">Ahnentafel<\/a><\/p>\n\n\n\n<p><strong>genomische Zuchtwerte:<\/strong><\/p>\n\n\n\n<p>LL 106<br>HD 83<br>ED 69<br>Risikoklasse A MH 75<br>DM Mutation Exon 1 Mutation Exon 2<br>       100\/100               N\/N<\/p>\n\n\n<p><a href=\"https:\/\/angelikarommel.de\/wp-content\/uploads\/2024\/01\/genomischerZuchtwertFrieda.pdf\" target=\"_blank\" rel=\"noopener\">genomischer Zuchtwert<\/a><\/p>\n<p><!--EndFragment--><\/p>","protected":false},"excerpt":{"rendered":"<p>ZB-Nr. SSV-BS 66587 R\u00f6ntgen Ergebnis HD A1, ED 0\/0 Hier k\u00f6nnen Sie das R\u00f6ntgenergebnis in Kopie einsehen (die Orginale gerne bei uns): R\u00f6ntgen Zuchtwerte (Dogbase 03\/2025) HD 92, ED 93 Typ 101, Bew 96, Ver 94, LD 100 Ahnentafel von&hellip; <\/p>\n","protected":false},"author":1,"featured_media":0,"parent":0,"menu_order":0,"comment_status":"closed","ping_status":"closed","template":"","meta":{"footnotes":""},"class_list":["post-4289","page","type-page","status-publish","hentry"],"_links":{"self":[{"href":"https:\/\/angelikarommel.de\/index.php?rest_route=\/wp\/v2\/pages\/4289","targetHints":{"allow":["GET"]}}],"collection":[{"href":"https:\/\/angelikarommel.de\/index.php?rest_route=\/wp\/v2\/pages"}],"about":[{"href":"https:\/\/angelikarommel.de\/index.php?rest_route=\/wp\/v2\/types\/page"}],"author":[{"embeddable":true,"href":"https:\/\/angelikarommel.de\/index.php?rest_route=\/wp\/v2\/users\/1"}],"replies":[{"embeddable":true,"href":"https:\/\/angelikarommel.de\/index.php?rest_route=%2Fwp%2Fv2%2Fcomments&post=4289"}],"version-history":[{"count":7,"href":"https:\/\/angelikarommel.de\/index.php?rest_route=\/wp\/v2\/pages\/4289\/revisions"}],"predecessor-version":[{"id":5659,"href":"https:\/\/angelikarommel.de\/index.php?rest_route=\/wp\/v2\/pages\/4289\/revisions\/5659"}],"wp:attachment":[{"href":"https:\/\/angelikarommel.de\/index.php?rest_route=%2Fwp%2Fv2%2Fmedia&parent=4289"}],"curies":[{"name":"wp","href":"https:\/\/api.w.org\/{rel}","templated":true}]}}