{"id":3336,"date":"2020-08-29T15:24:17","date_gmt":"2020-08-29T15:24:17","guid":{"rendered":"https:\/\/angelikarommel.de\/?page_id=3336"},"modified":"2024-09-02T05:58:05","modified_gmt":"2024-09-02T05:58:05","slug":"ronja","status":"publish","type":"page","link":"https:\/\/angelikarommel.de\/?page_id=3336","title":{"rendered":"Ronja"},"content":{"rendered":"\n<figure class=\"wp-block-image\"><img loading=\"lazy\" decoding=\"async\" width=\"1024\" height=\"984\" src=\"https:\/\/angelikarommel.de\/wp-content\/uploads\/2021\/05\/IMG_E1906-1024x984.jpg\" alt=\"\" class=\"wp-image-3969\" srcset=\"https:\/\/angelikarommel.de\/wp-content\/uploads\/2021\/05\/IMG_E1906-1024x984.jpg 1024w, https:\/\/angelikarommel.de\/wp-content\/uploads\/2021\/05\/IMG_E1906-300x288.jpg 300w, https:\/\/angelikarommel.de\/wp-content\/uploads\/2021\/05\/IMG_E1906-768x738.jpg 768w, https:\/\/angelikarommel.de\/wp-content\/uploads\/2021\/05\/IMG_E1906.jpg 1768w\" sizes=\"auto, (max-width: 1024px) 100vw, 1024px\" \/><figcaption class=\"wp-element-caption\">13 Monate<\/figcaption><\/figure>\n\n\n\n<p>Ronja vom Bausenberg, geboren am 09. April 2020, ist die Tochter unseres Balus und Molly vom Bausenberg. Sie verbrachte ihre Welpenzeit in Coburg bei Familie Heim in der Zuchtst\u00e4tte vom Bausenberg mit ihren 7 Schwestern und 3 Br\u00fcdern. Vielen Dank an Frau Heim f\u00fcr die liebevolle Aufzucht in den schwierigen Corona-Zeiten. Danke nochmals f\u00fcr das Vertrauen in unseren Balu. Es ist Balus erster Nachwuchs.<\/p>\n\n\n\n<p>Im Juni 2020 ist sie zu Papa Balu und Oma Mara ins Haselw\u00e4ldchen gezogen und erfreut uns jeden Tag mit ihrem ausgeglichenen und freundlichen Wesen.<\/p>\n\n\n\n<p>2022 schenkte uns Ronja unseren E-Wurf, 2024 unseren G-Wurf, ihr Sohn Great Bob Marley bleibt bei uns.<\/p>\n\n\n","protected":false},"excerpt":{"rendered":"<p>Ronja vom Bausenberg, geboren am 09. April 2020, ist die Tochter unseres Balus und Molly vom Bausenberg. Sie verbrachte ihre Welpenzeit in Coburg bei Familie Heim in der Zuchtst\u00e4tte vom Bausenberg mit ihren 7 Schwestern und 3 Br\u00fcdern. Vielen Dank&hellip; <\/p>\n","protected":false},"author":1,"featured_media":0,"parent":0,"menu_order":0,"comment_status":"closed","ping_status":"closed","template":"","meta":{"footnotes":""},"class_list":["post-3336","page","type-page","status-publish","hentry"],"_links":{"self":[{"href":"https:\/\/angelikarommel.de\/index.php?rest_route=\/wp\/v2\/pages\/3336","targetHints":{"allow":["GET"]}}],"collection":[{"href":"https:\/\/angelikarommel.de\/index.php?rest_route=\/wp\/v2\/pages"}],"about":[{"href":"https:\/\/angelikarommel.de\/index.php?rest_route=\/wp\/v2\/types\/page"}],"author":[{"embeddable":true,"href":"https:\/\/angelikarommel.de\/index.php?rest_route=\/wp\/v2\/users\/1"}],"replies":[{"embeddable":true,"href":"https:\/\/angelikarommel.de\/index.php?rest_route=%2Fwp%2Fv2%2Fcomments&post=3336"}],"version-history":[{"count":4,"href":"https:\/\/angelikarommel.de\/index.php?rest_route=\/wp\/v2\/pages\/3336\/revisions"}],"predecessor-version":[{"id":5425,"href":"https:\/\/angelikarommel.de\/index.php?rest_route=\/wp\/v2\/pages\/3336\/revisions\/5425"}],"wp:attachment":[{"href":"https:\/\/angelikarommel.de\/index.php?rest_route=%2Fwp%2Fv2%2Fmedia&parent=3336"}],"curies":[{"name":"wp","href":"https:\/\/api.w.org\/{rel}","templated":true}]}}