{"id":2289,"date":"2018-05-17T15:21:24","date_gmt":"2018-05-17T15:21:24","guid":{"rendered":"http:\/\/angelikarommel.de\/?page_id=2289"},"modified":"2019-07-29T14:28:44","modified_gmt":"2019-07-29T14:28:44","slug":"balu-ausstellungen","status":"publish","type":"page","link":"https:\/\/angelikarommel.de\/?page_id=2289","title":{"rendered":"Balu &#8211; Ausstellungen"},"content":{"rendered":"<table style=\"width: 638.833px;\">\n<tbody>\n<tr>\n<td style=\"width: 126px;\">\u00a0<\/td>\n<td style=\"width: 108px;\">\u00a0<\/td>\n<td style=\"width: 123px;\">\u00a0<\/td>\n<td style=\"width: 93px;\">\u00a0<\/td>\n<td style=\"width: 52.8333px;\">\u00a0<\/td>\n<\/tr>\n<tr>\n<td style=\"width: 126px;\">21. Juli 2019<\/td>\n<td style=\"width: 108px;\">Babenhausen<\/td>\n<td style=\"width: 123px;\">Zwischen<\/td>\n<td style=\"width: 93px;\">B\u00fcrgi<\/td>\n<td style=\"width: 52.8333px;\">SG<\/td>\n<\/tr>\n<tr>\n<td style=\"width: 126px;\">13. Mai 2019<\/td>\n<td style=\"width: 108px;\">Herrenberg<\/td>\n<td style=\"width: 123px;\">Zwischen<\/td>\n<td style=\"width: 93px;\">Schwesinger<\/td>\n<td style=\"width: 52.8333px;\">SG<\/td>\n<\/tr>\n<tr>\n<td style=\"width: 126px;\">22. Juli 2018<\/td>\n<td style=\"width: 108px;\">Babenhausen<\/td>\n<td style=\"width: 123px;\">Jugend<\/td>\n<td style=\"width: 93px;\">Fischer<\/td>\n<td style=\"width: 52.8333px;\">SG<\/td>\n<\/tr>\n<tr>\n<td style=\"width: 126px;\">24. Juni 2018<\/td>\n<td style=\"width: 108px;\">M\u00fc-Daglfing<\/td>\n<td style=\"width: 123px;\">Jugend<\/td>\n<td style=\"width: 93px;\">L\u00f6mker<\/td>\n<td style=\"width: 52.8333px;\">SG 2<\/td>\n<\/tr>\n<tr>\n<td style=\"width: 126px;\">13. Mai 2018<\/td>\n<td style=\"width: 108px;\">Herrenberg<\/td>\n<td style=\"width: 123px;\">J\u00fcngstenklasse<\/td>\n<td style=\"width: 93px;\">Fischer<\/td>\n<td style=\"width: 52.8333px;\">vv3<\/td>\n<\/tr>\n<\/tbody>\n<\/table>\n<p>\u00a0<\/p>\n<p style=\"text-align: center;\"><a href=\"https:\/\/angelikarommel.de\/wp-content\/uploads\/2019\/07\/DSC05415.jpg\" rel=\"lightbox[2289]\"><img loading=\"lazy\" decoding=\"async\" class=\"aligncenter size-medium wp-image-3052\" src=\"https:\/\/angelikarommel.de\/wp-content\/uploads\/2019\/07\/DSC05415-300x244.jpg\" alt=\"\" width=\"300\" height=\"244\" srcset=\"https:\/\/angelikarommel.de\/wp-content\/uploads\/2019\/07\/DSC05415-300x244.jpg 300w, https:\/\/angelikarommel.de\/wp-content\/uploads\/2019\/07\/DSC05415-768x625.jpg 768w, https:\/\/angelikarommel.de\/wp-content\/uploads\/2019\/07\/DSC05415-1024x833.jpg 1024w\" sizes=\"auto, (max-width: 300px) 100vw, 300px\" \/><\/a>Babenhausen, 22 Monate<\/p>\n<p style=\"text-align: center;\"><a href=\"https:\/\/angelikarommel.de\/wp-content\/uploads\/2019\/05\/2019-05-12-27.jpg\" rel=\"lightbox[2289]\"><img loading=\"lazy\" decoding=\"async\" class=\"aligncenter size-medium wp-image-3009\" src=\"https:\/\/angelikarommel.de\/wp-content\/uploads\/2019\/05\/2019-05-12-27-258x300.jpg\" alt=\"\" width=\"258\" height=\"300\" srcset=\"https:\/\/angelikarommel.de\/wp-content\/uploads\/2019\/05\/2019-05-12-27-258x300.jpg 258w, https:\/\/angelikarommel.de\/wp-content\/uploads\/2019\/05\/2019-05-12-27.jpg 585w\" sizes=\"auto, (max-width: 258px) 100vw, 258px\" \/><\/a>Herrenberg, 20 Monate<\/p>\n<div id=\"attachment_2537\" style=\"width: 310px\" class=\"wp-caption aligncenter\"><a href=\"http:\/\/angelikarommel.de\/wp-content\/uploads\/2018\/07\/IMG_3593.jpg\" rel=\"lightbox[2289]\"><img loading=\"lazy\" decoding=\"async\" aria-describedby=\"caption-attachment-2537\" class=\"wp-image-2537 size-medium\" src=\"http:\/\/angelikarommel.de\/wp-content\/uploads\/2018\/07\/IMG_3593-300x281.jpg\" alt=\"IMG_3593\" width=\"300\" height=\"281\" srcset=\"https:\/\/angelikarommel.de\/wp-content\/uploads\/2018\/07\/IMG_3593-300x281.jpg 300w, https:\/\/angelikarommel.de\/wp-content\/uploads\/2018\/07\/IMG_3593-768x720.jpg 768w, https:\/\/angelikarommel.de\/wp-content\/uploads\/2018\/07\/IMG_3593-1024x960.jpg 1024w\" sizes=\"auto, (max-width: 300px) 100vw, 300px\" \/><\/a><p id=\"caption-attachment-2537\" class=\"wp-caption-text\">Babenhausen, 10 Monate<\/p><\/div>\n<p>\u00a0<\/p>\n<div id=\"attachment_2461\" style=\"width: 232px\" class=\"wp-caption aligncenter\"><a href=\"http:\/\/angelikarommel.de\/wp-content\/uploads\/2018\/06\/DSC05019.jpg\" rel=\"lightbox[2289]\"><img loading=\"lazy\" decoding=\"async\" aria-describedby=\"caption-attachment-2461\" class=\"wp-image-2461 size-medium\" src=\"http:\/\/angelikarommel.de\/wp-content\/uploads\/2018\/06\/DSC05019-222x300.jpg\" alt=\"DSC05019\" width=\"222\" height=\"300\" srcset=\"https:\/\/angelikarommel.de\/wp-content\/uploads\/2018\/06\/DSC05019-222x300.jpg 222w, https:\/\/angelikarommel.de\/wp-content\/uploads\/2018\/06\/DSC05019-768x1039.jpg 768w, https:\/\/angelikarommel.de\/wp-content\/uploads\/2018\/06\/DSC05019-757x1024.jpg 757w\" sizes=\"auto, (max-width: 222px) 100vw, 222px\" \/><\/a><p id=\"caption-attachment-2461\" class=\"wp-caption-text\">M\u00fcnchen-Daglfing, 9 Monate<\/p><\/div>\n<p>\u00a0<\/p>\n<div id=\"attachment_2259\" style=\"width: 310px\" class=\"wp-caption aligncenter\"><a href=\"http:\/\/angelikarommel.de\/wp-content\/uploads\/2018\/05\/DSC04224.jpg\" rel=\"lightbox[2289]\"><img loading=\"lazy\" decoding=\"async\" aria-describedby=\"caption-attachment-2259\" class=\"wp-image-2259 size-medium\" src=\"http:\/\/angelikarommel.de\/wp-content\/uploads\/2018\/05\/DSC04224-300x264.jpg\" alt=\"DSC04224\" width=\"300\" height=\"264\" srcset=\"https:\/\/angelikarommel.de\/wp-content\/uploads\/2018\/05\/DSC04224-300x264.jpg 300w, https:\/\/angelikarommel.de\/wp-content\/uploads\/2018\/05\/DSC04224-768x675.jpg 768w, https:\/\/angelikarommel.de\/wp-content\/uploads\/2018\/05\/DSC04224-1024x899.jpg 1024w\" sizes=\"auto, (max-width: 300px) 100vw, 300px\" \/><\/a><p id=\"caption-attachment-2259\" class=\"wp-caption-text\">Herrenberg, 8 Monate<\/p><\/div>\n\n\n<p><\/p>\n","protected":false},"excerpt":{"rendered":"<p>\u00a0 \u00a0 \u00a0 \u00a0 \u00a0 21. Juli 2019 Babenhausen Zwischen B\u00fcrgi SG 13. Mai 2019 Herrenberg Zwischen Schwesinger SG 22. Juli 2018 Babenhausen Jugend Fischer SG 24. Juni 2018 M\u00fc-Daglfing Jugend L\u00f6mker SG 2 13. Mai 2018 Herrenberg J\u00fcngstenklasse Fischer&hellip; <\/p>\n","protected":false},"author":1,"featured_media":0,"parent":0,"menu_order":0,"comment_status":"closed","ping_status":"closed","template":"","meta":{"footnotes":""},"class_list":["post-2289","page","type-page","status-publish","hentry"],"_links":{"self":[{"href":"https:\/\/angelikarommel.de\/index.php?rest_route=\/wp\/v2\/pages\/2289","targetHints":{"allow":["GET"]}}],"collection":[{"href":"https:\/\/angelikarommel.de\/index.php?rest_route=\/wp\/v2\/pages"}],"about":[{"href":"https:\/\/angelikarommel.de\/index.php?rest_route=\/wp\/v2\/types\/page"}],"author":[{"embeddable":true,"href":"https:\/\/angelikarommel.de\/index.php?rest_route=\/wp\/v2\/users\/1"}],"replies":[{"embeddable":true,"href":"https:\/\/angelikarommel.de\/index.php?rest_route=%2Fwp%2Fv2%2Fcomments&post=2289"}],"version-history":[{"count":8,"href":"https:\/\/angelikarommel.de\/index.php?rest_route=\/wp\/v2\/pages\/2289\/revisions"}],"predecessor-version":[{"id":3057,"href":"https:\/\/angelikarommel.de\/index.php?rest_route=\/wp\/v2\/pages\/2289\/revisions\/3057"}],"wp:attachment":[{"href":"https:\/\/angelikarommel.de\/index.php?rest_route=%2Fwp%2Fv2%2Fmedia&parent=2289"}],"curies":[{"name":"wp","href":"https:\/\/api.w.org\/{rel}","templated":true}]}}