{"id":120,"date":"2015-08-31T16:33:56","date_gmt":"2015-08-31T16:33:56","guid":{"rendered":"http:\/\/angelikarommel.de\/?page_id=120"},"modified":"2023-09-20T07:36:37","modified_gmt":"2023-09-20T07:36:37","slug":"mara","status":"publish","type":"page","link":"https:\/\/angelikarommel.de\/?page_id=120","title":{"rendered":"Mara"},"content":{"rendered":"<div id=\"attachment_4246\" style=\"width: 235px\" class=\"wp-caption alignnone\"><a href=\"https:\/\/angelikarommel.de\/wp-content\/uploads\/2021\/12\/thumbnail_IMG_4184.jpg\" rel=\"lightbox[120]\"><img loading=\"lazy\" decoding=\"async\" aria-describedby=\"caption-attachment-4246\" class=\"wp-image-4246 size-medium\" src=\"https:\/\/angelikarommel.de\/wp-content\/uploads\/2021\/12\/thumbnail_IMG_4184-225x300.jpg\" alt=\"\" width=\"225\" height=\"300\" srcset=\"https:\/\/angelikarommel.de\/wp-content\/uploads\/2021\/12\/thumbnail_IMG_4184-225x300.jpg 225w, https:\/\/angelikarommel.de\/wp-content\/uploads\/2021\/12\/thumbnail_IMG_4184.jpg 480w\" sizes=\"auto, (max-width: 225px) 100vw, 225px\" \/><\/a><p id=\"caption-attachment-4246\" class=\"wp-caption-text\">Mara (2.12.2014-4.3.2023)<\/p><\/div>\n<p style=\"text-align: center;\">Mara hat uns zwei wundersch\u00f6ne W\u00fcrfe geschenkt: unseren B-Wurf und D-Wurf. Sie hat 16 Kindern das Leben geschenkt und 14 Familien gl\u00fccklich gemacht. Wir sind \u00fcbergl\u00fccklich 3 Kinder und ein Enkelkind von dir bei uns in der Familie zu haben. Mara, wir danken dir von Herzen, jeden Tag d\u00fcrfen wir mit dir und deinen Kindern erleben. Jetzt bist du im wohlverdienten Ruhestand und wir hoffen, du bleibst noch lange gesund und hilfst mir bei der Erziehung der Jugend.<\/p>\n<p style=\"text-align: justify;\">Mara (Xanimara vom Spitalhof) wurde am 2. Dezember 2014 im Spitalhof geboren. Ihre Mutter ist Praline vom Spitalhof, ihr Vater Alessio vom Mussk\u00f6nig. Frau Schwensow erm\u00f6glichte uns Mara schon im Alter von 8 Tagen zu besuchen.<\/p>\n<p style=\"text-align: center;\"><a href=\"http:\/\/angelikarommel.de\/wp-content\/uploads\/2015\/08\/IMG_0048-e1441038684849.jpg\" rel=\"lightbox[120]\"><img loading=\"lazy\" decoding=\"async\" class=\"alignnone size-medium wp-image-123\" src=\"http:\/\/angelikarommel.de\/wp-content\/uploads\/2015\/08\/IMG_0048-e1441038684849-225x300.jpg\" alt=\"IMG_0048\" width=\"225\" height=\"300\" srcset=\"https:\/\/angelikarommel.de\/wp-content\/uploads\/2015\/08\/IMG_0048-e1441038684849-225x300.jpg 225w, https:\/\/angelikarommel.de\/wp-content\/uploads\/2015\/08\/IMG_0048-e1441038684849-768x1024.jpg 768w\" sizes=\"auto, (max-width: 225px) 100vw, 225px\" \/><\/a><\/p>\n<p style=\"text-align: justify;\">Ein ganz besonderer Augenblick f\u00fcr mich. Acht Wochen lang durften wir Mara w\u00f6chentlich besuchen und eine sch\u00f6ne Welpenzeit im Spitalhof miterleben, bis sie im Februar 2015 zu uns nach Ederheim kam. Vielen Dank an Hannelore und Wilhelm Schwensow.<\/p>\n<p style=\"text-align: justify;\">Mara wurde sofort von Bella aufgenommen.<\/p>\n<p style=\"text-align: center;\"><a href=\"http:\/\/angelikarommel.de\/wp-content\/uploads\/2015\/08\/IMG_1389.jpg\" rel=\"lightbox[120]\"><img loading=\"lazy\" decoding=\"async\" class=\"alignnone size-medium wp-image-124\" src=\"http:\/\/angelikarommel.de\/wp-content\/uploads\/2015\/08\/IMG_1389-300x200.jpg\" alt=\"IMG_1389\" width=\"300\" height=\"200\" srcset=\"https:\/\/angelikarommel.de\/wp-content\/uploads\/2015\/08\/IMG_1389-300x200.jpg 300w, https:\/\/angelikarommel.de\/wp-content\/uploads\/2015\/08\/IMG_1389-1024x683.jpg 1024w\" sizes=\"auto, (max-width: 300px) 100vw, 300px\" \/><\/a><\/p>\n<p style=\"text-align: justify;\">Inzwischen ist Mara zu einer temperamentvollen H\u00fcndin herangewachsen. Sie sorgt f\u00fcr Leben in der Bude. Durch ihre liebevolle anschmiegsame und ausgeglichene Art passt sie hervorragend zu Bella. Wir haben ein Dream-Team.<\/p>\n","protected":false},"excerpt":{"rendered":"<p>Mara hat uns zwei wundersch\u00f6ne W\u00fcrfe geschenkt: unseren B-Wurf und D-Wurf. Sie hat 16 Kindern das Leben geschenkt und 14 Familien gl\u00fccklich gemacht. Wir sind \u00fcbergl\u00fccklich 3 Kinder und ein Enkelkind von dir bei uns in der Familie zu haben.&hellip; <\/p>\n","protected":false},"author":1,"featured_media":0,"parent":0,"menu_order":0,"comment_status":"closed","ping_status":"closed","template":"","meta":{"footnotes":""},"class_list":["post-120","page","type-page","status-publish","hentry"],"_links":{"self":[{"href":"https:\/\/angelikarommel.de\/index.php?rest_route=\/wp\/v2\/pages\/120","targetHints":{"allow":["GET"]}}],"collection":[{"href":"https:\/\/angelikarommel.de\/index.php?rest_route=\/wp\/v2\/pages"}],"about":[{"href":"https:\/\/angelikarommel.de\/index.php?rest_route=\/wp\/v2\/types\/page"}],"author":[{"embeddable":true,"href":"https:\/\/angelikarommel.de\/index.php?rest_route=\/wp\/v2\/users\/1"}],"replies":[{"embeddable":true,"href":"https:\/\/angelikarommel.de\/index.php?rest_route=%2Fwp%2Fv2%2Fcomments&post=120"}],"version-history":[{"count":10,"href":"https:\/\/angelikarommel.de\/index.php?rest_route=\/wp\/v2\/pages\/120\/revisions"}],"predecessor-version":[{"id":4919,"href":"https:\/\/angelikarommel.de\/index.php?rest_route=\/wp\/v2\/pages\/120\/revisions\/4919"}],"wp:attachment":[{"href":"https:\/\/angelikarommel.de\/index.php?rest_route=%2Fwp%2Fv2%2Fmedia&parent=120"}],"curies":[{"name":"wp","href":"https:\/\/api.w.org\/{rel}","templated":true}]}}